{"id":2261,"date":"2025-10-13T23:43:05","date_gmt":"2025-10-13T21:43:05","guid":{"rendered":"https:\/\/calendar.wannadance.com\/?post_type=ajde_events&#038;p=2261"},"modified":"2025-11-01T12:08:25","modified_gmt":"2025-11-01T11:08:25","slug":"geneva-summer-salsa-festival-5-7-june-2026","status":"publish","type":"ajde_events","link":"https:\/\/calendar.wannadance.com\/index.php\/events\/geneva-summer-salsa-festival-5-7-june-2026\/","title":{"rendered":"Geneva Summer Salsa Festival: 5-7 June 2026"},"content":{"rendered":"<p>Geneva Summer Salsa Festival<br \/>\n&#8211; June 5-7th 2026 &#8211; <\/p>\n<p>\u2705  Program available in September!<br \/>\n\u2705  To Guarantee an Amazing event &#8211;> we are closing registrations on March 15th 2026.<br \/>\n\u2705  website: www.besalsa.com\/festival<\/p>\n<p>Thank to all dancers who came this year!<\/p>\n<p>&#8212;&#8212;&#8212;&#8212;&#8212;&#8212;&#8212;&#8212;&#8212;&#8212;&#8212;&#8212;&#8212;&#8212;&#8212;&#8212;&#8212;&#8212;&#8212;&#8212;&#8212;&#8212;<\/p>\n<p>\ud83c\uddeb\ud83c\uddf7\ud83c\uddeb\ud83c\uddf7\ud83c\uddeb\ud83c\uddf7\ud83c\uddeb\ud83c\uddf7\ud83c\uddeb\ud83c\uddf7<br \/>\nGeneva Summer Salsa Festival<br \/>\n&#8211; 5-7 juin 2026 &#8211;<\/p>\n<p>\u2705 Programme disponible en septembre !<br \/>\n\u2705 Pour garantir un \u00e9v\u00e9nement exceptionnel, les inscriptions sont closes le 15 mars 2026.<br \/>\n\u2705 Site web : www.besalsa.com\/festival<\/p>\n<p>Merci \u00e0 tous les danseurs qui ont particip\u00e9 cette ann\u00e9e !<\/p>\n","protected":false},"author":5,"featured_media":0,"menu_order":0,"comment_status":"open","ping_status":"closed","template":"","meta":[],"tags":[],"event_type":[47],"event_type_2":[59],"class_list":["post-2261","ajde_events","type-ajde_events","status-publish","hentry","event_location-geneva-switzerland","event_type-salsa-mambo","event_type_2-congresses"],"_links":{"self":[{"href":"https:\/\/calendar.wannadance.com\/index.php\/wp-json\/wp\/v2\/ajde_events\/2261","targetHints":{"allow":["GET"]}}],"collection":[{"href":"https:\/\/calendar.wannadance.com\/index.php\/wp-json\/wp\/v2\/ajde_events"}],"about":[{"href":"https:\/\/calendar.wannadance.com\/index.php\/wp-json\/wp\/v2\/types\/ajde_events"}],"author":[{"embeddable":true,"href":"https:\/\/calendar.wannadance.com\/index.php\/wp-json\/wp\/v2\/users\/5"}],"replies":[{"embeddable":true,"href":"https:\/\/calendar.wannadance.com\/index.php\/wp-json\/wp\/v2\/comments?post=2261"}],"wp:attachment":[{"href":"https:\/\/calendar.wannadance.com\/index.php\/wp-json\/wp\/v2\/media?parent=2261"}],"wp:term":[{"taxonomy":"post_tag","embeddable":true,"href":"https:\/\/calendar.wannadance.com\/index.php\/wp-json\/wp\/v2\/tags?post=2261"},{"taxonomy":"event_type","embeddable":true,"href":"https:\/\/calendar.wannadance.com\/index.php\/wp-json\/wp\/v2\/event_type?post=2261"},{"taxonomy":"event_type_2","embeddable":true,"href":"https:\/\/calendar.wannadance.com\/index.php\/wp-json\/wp\/v2\/event_type_2?post=2261"}],"curies":[{"name":"wp","href":"https:\/\/api.w.org\/{rel}","templated":true}]}}

<p>Geneva Summer Salsa Festival<br />
&#8211; June 5-7th 2026 &#8211; </p>
<p>✅  Program available in September!<br />
✅  To Guarantee an Amazing event &#8211;> we are closing registrations on March 15th 2026.<br />
✅  website: www.besalsa.com/festival</p>
<p>Thank to all dancers who came this year!</p>
<p>&#8212;&#8212;&#8212;&#8212;&#8212;&#8212;&#8212;&#8212;&#8212;&#8212;&#8212;&#8212;&#8212;&#8212;&#8212;&#8212;&#8212;&#8212;&#8212;&#8212;&#8212;&#8212;</p>
<p>🇫🇷🇫🇷🇫🇷🇫🇷🇫🇷<br />
Geneva Summer Salsa Festival<br />
&#8211; 5-7 juin 2026 &#8211;</p>
<p>✅ Programme disponible en septembre !<br />
✅ Pour garantir un événement exceptionnel, les inscriptions sont closes le 15 mars 2026.<br />
✅ Site web : www.besalsa.com/festival</p>
<p>Merci à tous les danseurs qui ont participé cette année !</p>
